 148.
74
What is the greatest common factor of 495 and 55?
55
Calculate the highest common factor of 325 and 13.
13
What is the highest common factor of 5614 and 84?
14
Calculate the highest common factor of 196 and 4.
4
Calculate the greatest common factor of 17 and 26010.
17
What is the highest common factor of 585 and 2080?
65
Calculate the highest common factor of 2255 and 15.
5
Calculate the highest common factor of 12 and 1530.
6
What is the greatest common divisor of 7463 and 51?
17
Calculate the highest common divisor of 15 and 155.
5
What is the greatest common divisor of 319 and 12528?
29
What is the greatest common divisor of 59 and 2419?
59
What is the highest common divisor of 986 and 102?
34
Calculate the highest common divisor of 96 and 276.
12
What is the highest common factor of 160 and 103840?
160
What is the highest common divisor of 87 and 58?
29
What is the greatest common divisor of 825 and 400?
25
What is the greatest common factor of 299 and 52?
13
Calculate the highest common factor of 13 and 169.
13
What is the highest common divisor of 2 and 1058?
2
What is the greatest common divisor of 15 and 85?
5
What is the highest common factor of 2 and 1440?
2
What is the greatest common divisor of 9152 and 33?
11
What is the greatest common divisor of 4961 and 121?
121
What is the highest common divisor of 50 and 150?
50
Calculate the greatest common divisor of 45 and 25.
5
Calculate the highest common divisor of 16770 and 60.
30
Calculate the greatest common factor of 6 and 1250.
2
What is the greatest common factor of 3162 and 306?
102
Calculate the highest common factor of 14560 and 91.
91
What is the greatest common factor of 806 and 496?
62
What is the highest common factor of 243 and 162?
81
What is the highest common factor of 2925 and 65?
65
What is the highest common divisor of 464 and 2523?
29
Calculate the greatest common divisor of 208 and 32.
16
What is the highest common divisor of 64 and 152?
8
What is the greatest common divisor of 295 and 1?
1
Calculate the greatest common factor of 29 and 1537.
29
What is the greatest common factor of 64 and 1?
1
Calculate the highest common divisor of 1701 and 756.
189
Calculate the greatest common factor of 90 and 1440.
90
What is the greatest common factor of 60 and 87?
3
Calculate the greatest common factor of 119 and 51.
17
What is the greatest common factor of 4131 and 51?
51
What is the highest common factor of 1836 and 17?
17
Calculate the greatest common divisor of 2668 and 184.
92
What is the highest common factor of 306 and 414?
18
What is the greatest common divisor of 3419 and 52?
13
Calculate the highest common factor of 1127 and 253.
23
What is the highest common divisor of 1484 and 5724?
212
Calculate the highest common factor of 296 and 40.
8
Calculate the greatest common factor of 2214 and 216.
54
What is the greatest common divisor of 1790 and 40?
10
What is the greatest common divisor of 374 and 272?
34
What is the highest common divisor of 193 and 1737?
193
What is the highest common divisor of 4 and 4?
4
Calculate the highest common factor of 1490 and 10.
10
Calculate the greatest common factor of 112 and 1288.
56
What is the greatest common divisor of 1498 and 14?
14
What is the greatest common divisor of 665 and 1085?
35
What is the highest common divisor of 62 and 10354?
62
Calculate the highest common factor of 316 and 1106.
158
What is the highest common divisor of 1068 and 4?
4
Calculate the greatest common factor of 112 and 140.
28
Calculate the greatest common factor of 140 and 220.
20
Calculate the highest common divisor of 830 and 130.
10
Calculate the highest common divisor of 288 and 192.
96
Calculate the greatest common factor of 3572 and 228.
76
Calculate the highest common divisor of 579 and 13124.
193
What is the greatest common factor of 234 and 804?
6
Calculate the highest common divisor of 128 and 568.
8
Calculate the highest common factor of 5475 and 100.
25
Calculate the highest common factor of 52 and 4.
4
Calculate the greatest common factor of 320 and 120.
40
Calculate the highest common factor of 296 and 8.
8
Calculate the highest common factor of 342 and 912.
114
What is the greatest common factor of 34 and 51?
17
Calculate the greatest common factor of 90 and 234.
18
Calculate the greatest common factor of 396 and 693.
99
What is the greatest common divisor of 184 and 80?
8
Calculate the highest common divisor of 90 and 45990.
90
Calculate the highest common factor of 832 and 8.
8
Calculate the greatest common factor of 6 and 1551.
3
What is the highest common factor of 297 and 66?
33
Calculate the greatest common divisor of 1 and 271.
1
Calculate the highest common factor of 3394 and 2.
2
Calculate the greatest common factor of 54 and 2862.
54
Calculate the greatest common divisor of 63 and 243.
9
What is the highest common factor of 4141 and 101?
101
What is the greatest common factor of 6283 and 103?
103
What is the greatest common divisor of 3013 and 23?
23
What is the greatest common divisor of 16 and 92?
4
What is the highest common factor of 25 and 3800?
25
Calculate the highest common divisor of 22803 and 33.
33
What is the highest common divisor of 20 and 190?
10
What is the greatest common factor of 105 and 7?
7
Calculate the highest common divisor of 175 and 1175.
25
What is the highest common divisor of 158 and 553?
79
What is the greatest common factor of 44103 and 3?
3
What is the greatest common divisor of 648 and 20?
4
What is the greatest common divisor of 114 and 722?
38
Calculate the greatest common factor of 12427 and 43.
43
What is the greatest common divisor of 104 and 56?
8
What is the highest common divisor of 806 and 104?
26
What is the greatest common factor of 89 and 2759?
89
Calculate the greatest common factor of 625 and 5.
5
What is the greatest common divisor of 3400 and 120?
40
Calculate the highest common factor of 736 and 64.
32
What is the greatest common factor of 17 and 187?
17
What is the highest common factor of 32 and 2144?
32
What is the highest common divisor of 3828 and 99?
33
Calculate the greatest common factor of 28 and 3206.
14
What is the highest common factor of 8 and 100?
4
Calculate the greatest common factor of 2272 and 32.
32
What is the greatest common factor of 76 and 8?
4
What is the highest common factor of 1060 and 80?
20
Calculate the greatest common factor of 58 and 7018.
58
What is the greatest common factor of 15 and 495?
15
Calculate the highest common factor of 117 and 567.
9
Calculate the highest common factor of 78 and 4173.
39
Calculate the greatest common factor of 104 and 3.
1
Calculate the highest common divisor of 234 and 342.
18
What is the highest common factor of 4978 and 38?
38
Calculate the greatest common divisor of 405 and 567.
81
What is the greatest common factor of 700 and 28?
28
What is the highest common divisor of 308 and 1771?
77
Calculate the greatest common factor of 11 and 7073.
11
Calculate the highest common factor of 186 and 31434.
186
Calculate the greatest common divisor of 73 and 2263.
73
Calculate the highest common factor of 2442 and 264.
66
What is the highest common factor of 610 and 4514?
122
Calculate the highest common divisor of 22 and 77.
11
Calculate the greatest common divisor of 266 and 14.
14
Calculate the highest common divisor of 99 and 45.
9
What is the highest common factor of 7249 and 11?
11
Calculate the highest common factor of 122 and 7442.
122
Calculate the highest common divisor of 850 and 20.
10
What is the greatest common factor of 854 and 1498?
14
Calculate the greatest common divisor of 152 and 3116.
76
Calculate the highest common factor of 5 and 2.
1
Calculate the greatest common factor of 3010 and 4.
2
What is the greatest common factor of 30 and 6?
6
Calculate the greatest common factor of 12 and 228.
12
Calculate the highest common divisor of 3844 and 992.
124
What is the greatest common factor of 19 and 608?
19
Calculate the highest common divisor of 7 and 16674.
7
Calculate the greatest common factor of 144 and 252.
36
What is the greatest common divisor of 2006 and 68?
34
What is the greatest common divisor of 291 and 679?
97
What is the highest common factor of 546 and 78?
78
Calculate the grea